visor of v and 12?
12
Suppose 3*n = 3*i + 1170, -1905 = -5*n - 4*i - 0*i. Suppose -5*z + 10*z - n = 0. Let k = 1 + 10. Calculate the greatest common factor of z and k.
11
Suppose -10 = 2*h + 4. Let s(f) = f**2 + 7*f + 8. Let m be s(h). What is the greatest common divisor of 1 and m?
1
Let d(j) = j**2 - 6*j - 5. Let x be d(9). Calculate the greatest common factor of x and 11.
11
Suppose 3 = -5*h + g - 2, -h - 3*g - 17 = 0. Let c = h + 4. What is the highest common divisor of c and 6?
2
Let x be 1/(2*1/4). Suppose -2*c - r = -25, x*c + 4*r = 16 + 24. Calculate the greatest common factor of c and 5.
5
Let y(i) = -i**2 + 2*i - 2. Let l be y(3). Let g = 10 + l. Calculate the greatest common factor of 5 and g.
5
Let g(m) = -m**2 - 13*m + 2. Let u be g(-12). What is the greatest common factor of 4 and u?
2
Let s(g) = 2*g**2 - 4*g**2 + 4*g**2 + 4 + 3*g + 0*g + 3*g**3. Let x be s(3). What is the highest common factor of 14 and x?
14
Let j(y) = 3*y - 2. Let z(a) = a**2 + 6*a + 4. Let x be z(-5). Let i be (0 + -3)*x/1. Let n be j(i). Calculate the greatest common divisor of n and 7.
7
Let m be (12/8)/((-1)/(-72)). Suppose 40 = 5*i - 20. What is the highest common divisor of i and m?
12
Let u be ((-111)/9)/(4/(-12)). Calculate the highest common factor of u and 259.
37
Let w be ((-28)/6 + 0)*-3. Let k(x) = x**2 + 3*x - 4. Let d be k(-6). Calculate the greatest common divisor of d and w.
14
Suppose 4*j - 72 = -4*w, 2*w - 20 = 2*j + 16. What is the highest common divisor of w and 126?
18
Let j be (-2)/(-5)*(-7 - -2). Let x be j/(-8) + 70/8. Let i(v) = v**3 + 5*v**2 + 2*v - 3. Let y be i(-3). What is the highest common factor of x and y?
9
Suppose 0 = -3*u + 8*u - 170. What is the greatest common factor of 85 and u?
17
Let r(d) = d**2 + 2*d + 1. Let n be (-2)/7 + (-48)/(-21). Let a be r(n). Let q = a - 3. Calculate the greatest common factor of q and 2.
2
Let w be 4/10 - (-896)/10. Calculate the highest common factor of w and 10.
10
Suppose -2*u = 6*u - 1224. Calculate the greatest common factor of 17 and u.
17
Let n(z) = z + 5. Let d be n(-5). Suppose d = -u + 6*u + 30. Let f be (-11)/(-2) + 3/u. Calculate the greatest common divisor of 1 and f.
1
Let g be (36/15 + -2)*30. Suppose -v + 28 = 2*w + v, 0 = -3*v - 12. What is the highest common divisor of w and g?
6
Let v = 753 + -280. Calculate the greatest common factor of 43 and v.
43
Suppose 0 = -5*y + i + 418, -8*i + 3*i + 178 = 2*y. Suppose -4*c - 5 = -1, 0 = s - 5*c - 26. Calculate the greatest common factor of s and y.
21
Let w(i) = 125*i**2 - i - 1. Let h be w(-1). What is the greatest common factor of h and 25?
25
Let o(z) = -z**3 + 8*z**2 - 7*z + 10. Let n = -8 - -15. Let x be o(n). Let i = 8 - 4. What is the highest common divisor of x and i?
2
Let s = -69 - -40. Let i = 65 + s. What is the greatest common divisor of 9 and i?
9
Suppose p + p + 3*g = 42, 0 = -2*p - 5*g + 38. Suppose 2*j + 5*i - 27 = 0, 23 = 4*j - i + 2. Calculate the greatest common factor of j and p.
6
Suppose -2*q = q + 48. Let l(r) = -11*r - 1. Let o be l(-3). Let w = q + o. What is the highest common divisor of w and 40?
8
Suppose 69 = 5*u - 46. What is the highest common divisor of 23 and u?
23
Let a = -2 + 1. Let h(v) = 10*v**2 + v. Let l be h(a). What is the highest common divisor of l and 45?
9
Let y(r) = 12*r**2 + 9*r + 40. Let p be y(-4). Let a be (-21)/(-2)*(-16)/(-6). Calculate the greatest common factor of p and a.
28
Let v = 195 - 83. What is the highest common divisor of v and 14?
14
Let s(j) = -j**2 - 25*j - 125. Let m be s(-9). Suppose -q + 20 - 1 = 0. What is the greatest common divisor of m and q?
19
Suppose 0*z + 4*z + 28 = 0. Let o = 7 - z. What is the greatest common divisor of o and 28?
14
Let o = 1 - -2. Suppose -o*s - 387 = -2*k - k, -507 = -4*k - 5*s. Calculate the highest common factor of 16 and k.
16
Let o = -144 - -196. Calculate the highest common factor of 208 and o.
52
Let n be (0 - 39)/(3/(-3)). Suppose 4*g + 0*s + 87 = s, -3*g = -4*s + 75. Let h = g + n. What is the highest common factor of h and 6?
6
Let f be -3*2/(-9)*3. Suppose 4*g - 4*p = 4 - 0, -2*g - p = 10. Let s be (-2 + g)*1*-1. What is the highest common divisor of s and f?
1
Suppose -i = -2 + 7. Let u = 10 + i. Calculate the greatest common factor of u and 40.
5
Suppose 14*s = 21*s - 693. Calculate the greatest common factor of s and 11.
11
Let m = 49 + -23. Let q be 12*(-2 + m/8). Suppose -2*w = -157 - 113. What is the highest common divisor of w and q?
15
Suppose -6 = -3*d, 2*d = -3*v - 3*d + 31. What is the highest common factor of 35 and v?
7
Let b = -24 + 31. What is the highest common factor of 7 and b?
7
Let f(w) = 21*w - 9. Let i be f(5). Calculate the greatest common factor of 24 and i.
24
Let y = -1 + 3. Let j be 2 + 4/(12/3). Calculate the highest common factor of j and y.
1
Let r = -4 - -8. What is the greatest common factor of 20 and r?
4
Let s be 0/1 - 24/(-2). Let u = 185 + -161. Calculate the highest common factor of s and u.
12
Suppose 42 = -4*j - 2*k, 24 = -3*j + j + 2*k. Let x = j - -16. Suppose 2*w = 5*q - 170, x*q = q - 4*w + 136. Calculate the highest common factor of q and 85.
17
Let s(k) = -2*k**3. Let x be s(-1). Suppose -5*r = -r + z - 19, -3*r - x*z + 8 = 0. Suppose r*y = y + 50. What is the highest common divisor of 15 and y?
5
Let j(g) = g**3 + 6*g**2 + 4*g - 1. Let k be j(-5). Calculate the highest common divisor of 32 and k.
4
Suppose 70 = -3*o + 124. Let y(z) = -z**3 - 5*z**2 + z + 1. Let w be y(-5). Let x be ((-5)/1)/(w/36). What is the highest common factor of o and x?
9
Suppose a + 0*a - 61 = 0. Suppose -302 = -f + a. What is the highest common divisor of f and 33?
33
Let s(m) be the third derivative of m**5/60 - m**4/12 + m**3/6 + 4*m**2. Let p be s(4). What is the highest common factor of p and 36?
9
Let b be (-14)/(2/(-2)*1). Calculate the highest common factor of b and 35.
7
Let n(f) = -f + 8. Let d be n(10). Let g be ((-1)/2)/(d/4). Suppose 0 = -2*l - g + 133. Calculate the greatest common factor of l and 11.
11
Suppose 20 = y + 6. Let g = y - 9. Let a be 2/(-3) + 107/3. What is the greatest common divisor of g and a?
5
Let s be (-2)/(-6)*(-1 + 16). Suppose -3*y + 7 = d - 3*d, -s*d + 4*y = 7. Let q = -8 + 17. Calculate the highest common factor of q and d.
1
Let u = -16 - -142. Suppose 0 = -3*s - 3*f + 2*f - 93, 5*f + 15 = 0. Let i = 44 + s. Calculate the greatest common divisor of u and i.
14
Let r(u) = -u**2 + 23*u + 36. Let l be r(24). Calculate the highest common factor of 48 and l.
12
Let p be 3/(-1) - (-60)/4. Let g = p + -4. Let b be ((-80)/(-50))/((-1)/(-20)). Calculate the highest common divisor of b and g.
8
Suppose 0 = 16*i - 14*i - 24. Calculate the highest common factor of i and 96.
12
Let r(c) = 16*c - 13. Let b be r(3). Calculate the greatest common divisor of b and 14.
7
Suppose -9 = 5*n + 3*k - 45, 0 = 3*n - k - 30. Calculate the greatest common factor of n and 3.
3
Let w be (-50)/(-30) - 2/3. Calculate the highest common divisor of 1 and w.
1
Suppose 6*g = 2*g + 268. Suppose 7*j = -z + 4*j + 92, -g = -z + 2*j. What is the greatest common factor of z and 7?
7
Suppose 0*j + 3*j = 15. Let t = j + 2. Let g(k) = k**3 - k**2 - k + 77. Let h be g(0). What is the greatest common divisor of t and h?
7
Let t = -21 + 29. Calculate the greatest common divisor of t and 24.
8
Suppose -4*t = -9 - 11. Let w be (-1)/2 + 885/6. Suppose t*f - w = 33. Calculate the greatest common factor of f and 24.
12
Let a(c) = 2*c**3 - c. Let p be a(2). What is the greatest common factor of p and 7?
7
Let v(w) = -w**3 + 4*w**2 + 4*w + 4. Let a be v(5). Let f = a - -3. Suppose -f*g + 14 = -10. What is the greatest common divisor of g and 60?
12
Suppose 15 = 3*j + 4*i, j + 0*j + i - 5 = 0. Suppose j*l = -7 - 13, -4*v + 208 = -l. Suppose 6 = -5*p + v. Calculate the highest common divisor of p and 45.
9
Let x = -15 + 27. Let i(w) = 16*w + 15. Let q(s) = -16*s - 16. Let t(o) = -4*i(o) - 3*q(o). Let v be t(-9). What is the greatest common factor of v and x?
12
Let f(x) = 13*x + 1. Let y be f(1). Calculate the highest common divisor of y and 28.
14
Suppose -5*n + 4*n = 2*b - 6, -n - b + 1 = 0. Let q(x) = x**2 + 5*x. Let a be q(n). Let h = a - -52. Calculate the greatest common divisor of h and 6.
6
Let v(r) = 7*r - 5